{"id":212,"date":"2025-11-04T01:22:29","date_gmt":"2025-11-04T01:22:29","guid":{"rendered":"https:\/\/unisfera.rs\/carpediem\/?page_id=212"},"modified":"2026-02-11T04:39:35","modified_gmt":"2026-02-11T04:39:35","slug":"psiholoske-radionice","status":"publish","type":"page","link":"https:\/\/unisfera.rs\/carpediem\/psiholoske-radionice\/","title":{"rendered":"Psiholo\u0161ke radionice"},"content":{"rendered":"\t\t<div data-elementor-type=\"wp-page\" data-elementor-id=\"212\" class=\"elementor elementor-212\">\n\t\t\t\t<div class=\"elementor-element elementor-element-5d7a370 e-flex e-con-boxed e-con e-parent\" data-id=\"5d7a370\" data-element_type=\"container\" data-e-type=\"container\">\n\t\t\t\t\t<div class=\"e-con-inner\">\n\t\t\t\t<div class=\"elementor-element elementor-element-2a58e27 elementor-widget elementor-widget-shortcode\" data-id=\"2a58e27\" data-element_type=\"widget\" data-e-type=\"widget\" data-widget_type=\"shortcode.default\">\n\t\t\t\t\t\t\t<div class=\"elementor-shortcode\"><style type='text\/css' media='all'>#rt-tpg-container-2193028596 .rt-holder .rt-woo-info .price{color:#1e73be;}body .rt-tpg-container .rt-tpg-isotope-buttons .selected,\n\t\t\t\t\t#rt-tpg-container-2193028596 .layout12 .rt-holder:hover .rt-detail,\n\t\t\t\t\t#rt-tpg-container-2193028596 .isotope8 .rt-holder:hover .rt-detail,\n\t\t\t\t\t#rt-tpg-container-2193028596 .carousel8 .rt-holder:hover .rt-detail,\n\t\t\t\t\t#rt-tpg-container-2193028596 .layout13 .rt-holder .overlay .post-info,\n\t\t\t\t\t#rt-tpg-container-2193028596 .isotope9 .rt-holder .overlay .post-info,\n\t\t\t\t\t#rt-tpg-container-2193028596.rt-tpg-container .layout4 .rt-holder .rt-detail,\n\t\t\t\t\t.rt-modal-2193028596 .md-content,\n\t\t\t\t\t.rt-modal-2193028596 .md-content > .rt-md-content-holder .rt-md-content,\n\t\t\t\t\t.rt-popup-wrap-2193028596.rt-popup-wrap .rt-popup-navigation-wrap,\n\t\t\t\t\t#rt-tpg-container-2193028596 .carousel9 .rt-holder .overlay .post-info{background-color:#1e73be;}#rt-tpg-container-2193028596 .layout5 .rt-holder .overlay, #rt-tpg-container-2193028596 .isotope2 .rt-holder .overlay, #rt-tpg-container-2193028596 .carousel2 .rt-holder .overlay,#rt-tpg-container-2193028596 .layout15 .rt-holder h3, #rt-tpg-container-2193028596 .isotope11 .rt-holder h3, #rt-tpg-container-2193028596 .carousel11 .rt-holder h3, #rt-tpg-container-2193028596 .layout16 .rt-holder h3,\n\t\t\t\t\t#rt-tpg-container-2193028596 .isotope12 .rt-holder h3, #rt-tpg-container-2193028596 .carousel12 .rt-holder h3 {background-color:rgba(30,115,190,0.8);}#rt-tpg-container-2193028596 .read-more a{border-radius:px;}#rt-tpg-container-2193028596 .rt-img-holder img.rt-img-responsive,#rt-tpg-container-2193028596 .rt-img-holder,\n\t\t\t\t\t#rt-tpg-container-2193028596 .rt-post-overlay .post-img,\n\t\t\t\t\t#rt-tpg-container-2193028596 .post-sm .post-img,\n\t\t\t\t\t#rt-tpg-container-2193028596 .rt-post-grid .post-img,\n\t\t\t\t\t#rt-tpg-container-2193028596 .post-img img {border-radius:px;}<\/style><div class='rt-container-fluid rt-tpg-container tpg-shortcode-main-wrapper ' id='rt-tpg-container-2193028596'   data-layout='layout12' data-grid-style='even' data-desktop-col='3'  data-tab-col='2'  data-mobile-col='1' data-sc-id='215'><div class=\"tpg-widget-heading-wrapper heading-style1 \"><span class=\"tpg-widget-heading-line line-left\"><\/span><h2 class=\"tpg-widget-heading\">Psiholoske radionice<\/h2><span class=\"tpg-widget-heading-line\"><\/span><\/div><div data-title='Loading ...' class='rt-row rt-content-loader   layout12 tpg-even '><div class=\"rt-col-md-4 rt-col-sm-6 rt-col-xs-12 even-grid-item rt-grid-item\" data-id=\"605\"><div class=\"rt-holder\"><div class=\"rt-img-holder\"><a data-id='605' class='' href='https:\/\/unisfera.rs\/carpediem\/kriza-srednjih-godina\/'><img fetchpriority=\"high\" decoding=\"async\" class=\"rt-img-responsive \" src=\"https:\/\/unisfera.rs\/carpediem\/wp-content\/uploads\/2026\/02\/krizasrednjih-1024x982.jpeg\" width=\"1024\" height=\"982\" alt=\"Kriza srednjih godina\" \/><\/a><\/div> <div class='rt-detail'><div class='post-meta-user '><span class='date-meta'><i class='flaticon-calendar '><\/i>February 1, 2026<\/span><span class='author'><i class='flaticon-user '><\/i><a href=\"https:\/\/unisfera.rs\/carpediem\/author\/unisfera\/\">Unisfera Team<\/a><\/span><\/div><h3 class=\"entry-title\"><a data-id=\"605\" class=\"\" href=\"https:\/\/unisfera.rs\/carpediem\/kriza-srednjih-godina\/\">Kriza srednjih godina<\/a><\/h3><div class='tpg-excerpt'>Prva u nizu februarskih radionica u Psiholo\u0161kom kutku Carpe Diem na temu krize srednjih godina...<\/div><div class='post-meta '><span class='read-more'><a data-id='605' class='' href='https:\/\/unisfera.rs\/carpediem\/kriza-srednjih-godina\/'>Read More<\/a><\/span><\/div><\/div><\/div><\/div><div class=\"rt-col-md-4 rt-col-sm-6 rt-col-xs-12 even-grid-item rt-grid-item\" data-id=\"598\"><div class=\"rt-holder\"><div class=\"rt-img-holder\"><a data-id='598' class='' href='https:\/\/unisfera.rs\/carpediem\/moc-komunikacije\/'><img decoding=\"async\" class=\"rt-img-responsive \" src=\"https:\/\/unisfera.rs\/carpediem\/wp-content\/uploads\/2026\/02\/mockomunikacije-1024x768.jpeg\" width=\"1024\" height=\"768\" alt=\"Mo\u0107 komunikacije\" \/><\/a><\/div> <div class='rt-detail'><div class='post-meta-user '><span class='date-meta'><i class='flaticon-calendar '><\/i>January 25, 2026<\/span><span class='author'><i class='flaticon-user '><\/i><a href=\"https:\/\/unisfera.rs\/carpediem\/author\/unisfera\/\">Unisfera Team<\/a><\/span><\/div><h3 class=\"entry-title\"><a data-id=\"598\" class=\"\" href=\"https:\/\/unisfera.rs\/carpediem\/moc-komunikacije\/\">Mo\u0107 komunikacije<\/a><\/h3><div class='tpg-excerpt'>Januarski set radionica zavr\u0161ili smo petom po redu, na kojoj smo obradili mo\u0107 komunikacije. Radionica...<\/div><div class='post-meta '><span class='read-more'><a data-id='598' class='' href='https:\/\/unisfera.rs\/carpediem\/moc-komunikacije\/'>Read More<\/a><\/span><\/div><\/div><\/div><\/div><div class=\"rt-col-md-4 rt-col-sm-6 rt-col-xs-12 even-grid-item rt-grid-item\" data-id=\"588\"><div class=\"rt-holder\"><div class=\"rt-img-holder\"><a data-id='588' class='' href='https:\/\/unisfera.rs\/carpediem\/zasto-pristajem-na-mrvice-ponovljena-radionica\/'><img decoding=\"async\" class=\"rt-img-responsive \" src=\"https:\/\/unisfera.rs\/carpediem\/wp-content\/uploads\/2026\/02\/ng-stres1-1024x768.jpeg\" width=\"1024\" height=\"768\" alt=\"Za\u0161to pristajem na mrvice? (repriza)\" \/><\/a><\/div> <div class='rt-detail'><div class='post-meta-user '><span class='date-meta'><i class='flaticon-calendar '><\/i>January 24, 2026<\/span><span class='author'><i class='flaticon-user '><\/i><a href=\"https:\/\/unisfera.rs\/carpediem\/author\/unisfera\/\">Unisfera Team<\/a><\/span><\/div><h3 class=\"entry-title\"><a data-id=\"588\" class=\"\" href=\"https:\/\/unisfera.rs\/carpediem\/zasto-pristajem-na-mrvice-ponovljena-radionica\/\">Za\u0161to pristajem na mrvice? (repriza)<\/a><\/h3><div class='tpg-excerpt'>Na repriznom izdanju radionice, \u010dija je tema pobudila veliku pa\u017enju, na temu &#8220;Za\u0161to pristajemo na...<\/div><div class='post-meta '><span class='read-more'><a data-id='588' class='' href='https:\/\/unisfera.rs\/carpediem\/zasto-pristajem-na-mrvice-ponovljena-radionica\/'>Read More<\/a><\/span><\/div><\/div><\/div><\/div><div class=\"rt-col-md-4 rt-col-sm-6 rt-col-xs-12 even-grid-item rt-grid-item\" data-id=\"578\"><div class=\"rt-holder\"><div class=\"rt-img-holder\"><a data-id='578' class='' href='https:\/\/unisfera.rs\/carpediem\/zasto-pristajem-na-mrvice\/'><img loading=\"lazy\" decoding=\"async\" class=\"rt-img-responsive \" src=\"https:\/\/unisfera.rs\/carpediem\/wp-content\/uploads\/2026\/02\/ng-stres-1024x1024.jpeg\" width=\"1024\" height=\"1024\" alt=\"Za\u0161to pristajem na mrvice?\" \/><\/a><\/div> <div class='rt-detail'><div class='post-meta-user '><span class='date-meta'><i class='flaticon-calendar '><\/i>January 18, 2026<\/span><span class='author'><i class='flaticon-user '><\/i><a href=\"https:\/\/unisfera.rs\/carpediem\/author\/unisfera\/\">Unisfera Team<\/a><\/span><\/div><h3 class=\"entry-title\"><a data-id=\"578\" class=\"\" href=\"https:\/\/unisfera.rs\/carpediem\/zasto-pristajem-na-mrvice\/\">Za\u0161to pristajem na mrvice?<\/a><\/h3><div class='tpg-excerpt'>Pri\u010da o granicama, afektivnoj vezanosti i uzajamnim odnosima. Radionica je bila posve\u0107ena razumevanju razloga zbog...<\/div><div class='post-meta '><span class='read-more'><a data-id='578' class='' href='https:\/\/unisfera.rs\/carpediem\/zasto-pristajem-na-mrvice\/'>Read More<\/a><\/span><\/div><\/div><\/div><\/div><div class=\"rt-col-md-4 rt-col-sm-6 rt-col-xs-12 even-grid-item rt-grid-item\" data-id=\"566\"><div class=\"rt-holder\"><div class=\"rt-img-holder\"><a data-id='566' class='' href='https:\/\/unisfera.rs\/carpediem\/prokrastinacija-zasto-odlazemo\/'><img loading=\"lazy\" decoding=\"async\" class=\"rt-img-responsive \" src=\"https:\/\/unisfera.rs\/carpediem\/wp-content\/uploads\/2026\/02\/prokrastinacija-1024x1024.jpeg\" width=\"1024\" height=\"1024\" alt=\"Prokrastinacija &#8211; Za\u0161to odla\u017eemo?\" \/><\/a><\/div> <div class='rt-detail'><div class='post-meta-user '><span class='date-meta'><i class='flaticon-calendar '><\/i>January 11, 2026<\/span><span class='author'><i class='flaticon-user '><\/i><a href=\"https:\/\/unisfera.rs\/carpediem\/author\/unisfera\/\">Unisfera Team<\/a><\/span><\/div><h3 class=\"entry-title\"><a data-id=\"566\" class=\"\" href=\"https:\/\/unisfera.rs\/carpediem\/prokrastinacija-zasto-odlazemo\/\">Prokrastinacija &#8211; Za\u0161to odla\u017eemo?<\/a><\/h3><div class='tpg-excerpt'>Radionica o prokrastinaciji bila je usmerena na razumevanje psiholo\u0161kih uzroka odlaganja obaveza, sa posebnim naglaskom...<\/div><div class='post-meta '><span class='read-more'><a data-id='566' class='' href='https:\/\/unisfera.rs\/carpediem\/prokrastinacija-zasto-odlazemo\/'>Read More<\/a><\/span><\/div><\/div><\/div><\/div><div class=\"rt-col-md-4 rt-col-sm-6 rt-col-xs-12 even-grid-item rt-grid-item\" data-id=\"557\"><div class=\"rt-holder\"><div class=\"rt-img-holder\"><a data-id='557' class='' href='https:\/\/unisfera.rs\/carpediem\/pozitivan-i-negativan-stres-tokom-novogodisnjih-praznika\/'><img loading=\"lazy\" decoding=\"async\" class=\"rt-img-responsive \" src=\"https:\/\/unisfera.rs\/carpediem\/wp-content\/uploads\/2026\/02\/novagstres.jpg\" width=\"738\" height=\"523\" alt=\"Pozitivan i negativan stres tokom novogodi\u0161njih praznika\" \/><\/a><\/div> <div class='rt-detail'><div class='post-meta-user '><span class='date-meta'><i class='flaticon-calendar '><\/i>January 4, 2026<\/span><span class='author'><i class='flaticon-user '><\/i><a href=\"https:\/\/unisfera.rs\/carpediem\/author\/unisfera\/\">Unisfera Team<\/a><\/span><\/div><h3 class=\"entry-title\"><a data-id=\"557\" class=\"\" href=\"https:\/\/unisfera.rs\/carpediem\/pozitivan-i-negativan-stres-tokom-novogodisnjih-praznika\/\">Pozitivan i negativan stres tokom novogodi\u0161njih praznika<\/a><\/h3><div class='tpg-excerpt'>Radionica o stresu bila je usmerena na razumevanje mehanizama nastanka stresa, njegovog uticaja na psihi\u010dko...<\/div><div class='post-meta '><span class='read-more'><a data-id='557' class='' href='https:\/\/unisfera.rs\/carpediem\/pozitivan-i-negativan-stres-tokom-novogodisnjih-praznika\/'>Read More<\/a><\/span><\/div><\/div><\/div><\/div><div class=\"rt-col-md-4 rt-col-sm-6 rt-col-xs-12 even-grid-item rt-grid-item\" data-id=\"537\"><div class=\"rt-holder\"><div class=\"rt-img-holder\"><a data-id='537' class='' href='https:\/\/unisfera.rs\/carpediem\/uloga-vezbanja-u-razvoju-koncentracije\/'><img loading=\"lazy\" decoding=\"async\" class=\"rt-img-responsive \" src=\"https:\/\/unisfera.rs\/carpediem\/wp-content\/uploads\/2026\/02\/kasperradionica-1024x584.jpg\" width=\"1024\" height=\"584\" alt=\"Uloga ve\u017ebanja u razvoju koncentracije\" \/><\/a><\/div> <div class='rt-detail'><div class='post-meta-user '><span class='date-meta'><i class='flaticon-calendar '><\/i>November 18, 2025<\/span><span class='author'><i class='flaticon-user '><\/i><a href=\"https:\/\/unisfera.rs\/carpediem\/author\/unisfera\/\">Unisfera Team<\/a><\/span><\/div><h3 class=\"entry-title\"><a data-id=\"537\" class=\"\" href=\"https:\/\/unisfera.rs\/carpediem\/uloga-vezbanja-u-razvoju-koncentracije\/\">Uloga ve\u017ebanja u razvoju koncentracije<\/a><\/h3><div class='tpg-excerpt'>Radionice odr\u017eane u \u0161kolici sporta &#8221;Kasper&#8221; u \u010ca\u010dku, 6. 11. i 18. 11. 2025. Radionica...<\/div><div class='post-meta '><span class='read-more'><a data-id='537' class='' href='https:\/\/unisfera.rs\/carpediem\/uloga-vezbanja-u-razvoju-koncentracije\/'>Read More<\/a><\/span><\/div><\/div><\/div><\/div><\/div><\/div><\/div>\n\t\t\t\t\t\t<\/div>\n\t\t\t\t\t<\/div>\n\t\t\t\t<\/div>\n\t\t<div class=\"elementor-element elementor-element-76b8f443 e-flex e-con-boxed e-con e-parent\" data-id=\"76b8f443\" data-element_type=\"container\" data-e-type=\"container\">\n\t\t\t\t\t<div class=\"e-con-inner\">\n\t\t\t\t<div class=\"elementor-element elementor-element-3a6da51c elementor-widget elementor-widget-text-editor\" data-id=\"3a6da51c\" data-element_type=\"widget\" data-e-type=\"widget\" data-widget_type=\"text-editor.default\">\n\t\t\t\t\t\t\t\t\t\n<p><gwmw style=\"display:none;\"><\/gwmw><\/p>\n\t\t\t\t\t\t\t\t<\/div>\n\t\t\t\t\t<\/div>\n\t\t\t\t<\/div>\n\t\t\t\t<\/div>\n\t\t","protected":false},"excerpt":{"rendered":"","protected":false},"author":1,"featured_media":0,"parent":0,"menu_order":0,"comment_status":"closed","ping_status":"closed","template":"","meta":{"site-sidebar-layout":"default","site-content-layout":"","ast-site-content-layout":"default","site-content-style":"default","site-sidebar-style":"default","ast-global-header-display":"","ast-banner-title-visibility":"","ast-main-header-display":"","ast-hfb-above-header-display":"","ast-hfb-below-header-display":"","ast-hfb-mobile-header-display":"","site-post-title":"","ast-breadcrumbs-content":"","ast-featured-img":"","footer-sml-layout":"","ast-disable-related-posts":"","theme-transparent-header-meta":"","adv-header-id-meta":"","stick-header-meta":"","header-above-stick-meta":"","header-main-stick-meta":"","header-below-stick-meta":"","astra-migrate-meta-layouts":"default","ast-page-background-enabled":"default","ast-page-background-meta":{"desktop":{"background-color":"var(--ast-global-color-5)","background-image":"","background-repeat":"repeat","background-position":"center center","background-size":"auto","background-attachment":"scroll","background-type":"","background-media":"","overlay-type":"","overlay-color":"","overlay-opacity":"","overlay-gradient":""},"tablet":{"background-color":"","background-image":"","background-repeat":"repeat","background-position":"center center","background-size":"auto","background-attachment":"scroll","background-type":"","background-media":"","overlay-type":"","overlay-color":"","overlay-opacity":"","overlay-gradient":""},"mobile":{"background-color":"","background-image":"","background-repeat":"repeat","background-position":"center center","background-size":"auto","background-attachment":"scroll","background-type":"","background-media":"","overlay-type":"","overlay-color":"","overlay-opacity":"","overlay-gradient":""}},"ast-content-background-meta":{"desktop":{"background-color":"var(--ast-global-color-4)","background-image":"","background-repeat":"repeat","background-position":"center center","background-size":"auto","background-attachment":"scroll","background-type":"","background-media":"","overlay-type":"","overlay-color":"","overlay-opacity":"","overlay-gradient":""},"tablet":{"background-color":"var(--ast-global-color-4)","background-image":"","background-repeat":"repeat","background-position":"center center","background-size":"auto","background-attachment":"scroll","background-type":"","background-media":"","overlay-type":"","overlay-color":"","overlay-opacity":"","overlay-gradient":""},"mobile":{"background-color":"var(--ast-global-color-4)","background-image":"","background-repeat":"repeat","background-position":"center center","background-size":"auto","background-attachment":"scroll","background-type":"","background-media":"","overlay-type":"","overlay-color":"","overlay-opacity":"","overlay-gradient":""}},"footnotes":""},"class_list":["post-212","page","type-page","status-publish","hentry"],"rttpg_featured_image_url":null,"rttpg_author":{"display_name":"Unisfera Team","author_link":"https:\/\/unisfera.rs\/carpediem\/author\/unisfera\/"},"rttpg_comment":0,"rttpg_category":"","rttpg_excerpt":null,"_links":{"self":[{"href":"https:\/\/unisfera.rs\/carpediem\/wp-json\/wp\/v2\/pages\/212","targetHints":{"allow":["GET"]}}],"collection":[{"href":"https:\/\/unisfera.rs\/carpediem\/wp-json\/wp\/v2\/pages"}],"about":[{"href":"https:\/\/unisfera.rs\/carpediem\/wp-json\/wp\/v2\/types\/page"}],"author":[{"embeddable":true,"href":"https:\/\/unisfera.rs\/carpediem\/wp-json\/wp\/v2\/users\/1"}],"replies":[{"embeddable":true,"href":"https:\/\/unisfera.rs\/carpediem\/wp-json\/wp\/v2\/comments?post=212"}],"version-history":[{"count":22,"href":"https:\/\/unisfera.rs\/carpediem\/wp-json\/wp\/v2\/pages\/212\/revisions"}],"predecessor-version":[{"id":616,"href":"https:\/\/unisfera.rs\/carpediem\/wp-json\/wp\/v2\/pages\/212\/revisions\/616"}],"wp:attachment":[{"href":"https:\/\/unisfera.rs\/carpediem\/wp-json\/wp\/v2\/media?parent=212"}],"curies":[{"name":"wp","href":"https:\/\/api.w.org\/{rel}","templated":true}]}}